hat is the highest common factor of z and j?
11
Suppose -2*w + w - 7 = 0. Let f be 2/w + 2366/49. Calculate the greatest common divisor of 12 and f.
12
Suppose -17 - 5 = -i. Let p = -84 + 95. Calculate the highest common divisor of p and i.
11
Suppose -7*w + 2*w = 4*f - 112, -5*w + 13 = f. Calculate the highest common factor of 264 and f.
33
Suppose -5*g = -c + 6*c - 550, -4*c - 5*g + 445 = 0. What is the highest common divisor of c and 30?
15
Let q = -87 - -91. What is the greatest common factor of 3 and q?
1
Let r = 60 + -48. Calculate the highest common factor of 84 and r.
12
Let j = 133 + -127. Calculate the highest common factor of j and 4.
2
Suppose 0 = -5*u - 2*t + 8 + 34, -37 = -4*u - 5*t. Suppose -4*z - 5*w + 303 = 0, -4*z + 294 = 4*w - 2*w. Calculate the greatest common factor of u and z.
8
Suppose 3*k + 180 = 7*k. What is the greatest common divisor of 5 and k?
5
Let a = -15 - -9. Let o = a - -6. Suppose -5*z + o = -15. Calculate the highest common divisor of z and 6.
3
Let q(l) = l**3 - 3*l**2 + l + 2. Let n be q(2). Suppose h + 286 = 3*c, n = -c + h + 2*h + 98. What is the highest common divisor of c and 38?
19
Let h be 0*(-1)/2 + -1. Let p be h - (4/(-2) - 17). Let q = -12 + p. Calculate the greatest common divisor of 30 and q.
6
Let i = 49 - 35. Calculate the greatest common factor of 70 and i.
14
Suppose -40 = -3*p + 5*p - 4*f, 2*f - 6 = 0. Let k = p - -3. Let a = k + 20. What is the greatest common divisor of a and 63?
9
Suppose 7 + 2 = 3*j. Let a = j - -8. Suppose 3*y - 176 = -y. Calculate the highest common divisor of y and a.
11
Suppose 5*p - 36 + 11 = 0. Calculate the highest common factor of p and 10.
5
Let s be 1221/15 + 4/(-10). Let n = -44 + s. Suppose -2*p = 3*i - 35, -6*i = -p - i + n. Calculate the greatest common factor of 33 and p.
11
Let y be (-17 + 2)/(2/(-14)). Suppose -3*h + y = 3*o, -o + 3*o = -3*h + 71. What is the greatest common factor of o and 17?
17
Let o = 129 + -17. Suppose 3*f + f = -o. Let i be f*1/2*-9. What is the highest common factor of i and 14?
14
Let t be (-2)/(-12) - 7176/(-144). Calculate the highest common divisor of 50 and t.
50
Suppose -165 = -6*y + y. Suppose 0 = -0*q - 2*q. Suppose 2*g + q - 22 = 0. What is the highest common divisor of y and g?
11
Let a be 4/(-5)*1*-95. Suppose -x + 3*k - 46 = 0, 0*k - 2*k = -4*x - 204. Let q = a + x. Calculate the highest common factor of q and 16.
8
Let r(g) = -4*g - 11. Let h be r(-5). What is the highest common divisor of 36 and h?
9
Suppose 2*w - m - 87 = 0, -m - 222 = -6*w + w. Calculate the greatest common divisor of w and 9.
9
Let x be (-6)/8*-4 - -3. What is the greatest common divisor of 4 and x?
2
Let d = -4 + 6. Suppose l - 3 = 2. Calculate the highest common divisor of d and l.
1
Let o(p) = p**3 + 4*p**2 - 4*p + 4. Let i be o(-5). Let s be i/(-4) - 7/(-4). Calculate the highest common factor of s and 1.
1
Let r(g) = g - 7. Let w be r(10). Suppose s + 77 = 6*j - w*j, 100 = 4*j - 4*s. Calculate the greatest common factor of j and 13.
13
Let a be 1/5 + (-3)/15. Let h be (2 - -2)/(2 - a). Suppose h*q = q + 8. What is the highest common divisor of 16 and q?
8
Suppose 0 = -0*o + 4*o - 276. Let i be (-1 - -2)*(-1 + 47). Calculate the greatest common factor of o and i.
23
Let i(w) = -2*w**2 + 44*w + 44. Let m be i(22). Calculate the greatest common factor of 4 and m.
4
Let i(k) = k**2 - 15*k - 30. Let m be i(17). Calculate the greatest common divisor of 4 and m.
4
Suppose -c - 4 = -g, -g + 5*c - 13 = -1. Suppose -46 = -4*b - 6. Suppose -z + g = -b. What is the highest common factor of 90 and z?
18
Let a(s) = 3*s - 6. Let w be a(6). Suppose 4*y = 1 - 5. Let x = y + 5. What is the highest common divisor of x and w?
4
Suppose 2*d - 3*a - 17 = -2*a, 0 = -d + 4*a + 12. What is the greatest common divisor of 2 and d?
2
Suppose -5*l = -7*l + 26. Let t = 33 - 20. Calculate the highest common factor of l and t.
13
Let r = 46 - 37. Calculate the highest common divisor of r and 3.
3
Let n(o) = -o + 7. Let y be n(-5). Let r(c) = -c**3 - 3*c**2 + 4*c + 6. Let h be r(-5). What is the highest common divisor of y and h?
12
Let a(r) = r**2 + 5*r + 3. Let j be a(-5). Let w = 6 + -3. Suppose -w*c - 3*g = -234, j*g + 12 = 2*c - 139. What is the greatest common divisor of 7 and c?
7
Let x(p) = -p**3 - 14*p**2 + 14*p - 14. Let j be (-3)/(-6)*(1 + -31). Let v be x(j). Calculate the greatest common divisor of v and 9.
1
Suppose 2*u - 200 = -0*u. Suppose 4*h = 3*s - u, -5*s + 2*s + 110 = h. Calculate the highest common factor of 54 and s.
18
Let l = -66 - -26. Let h be (l/14)/(8/(-28)). Calculate the highest common factor of h and 110.
10
Suppose 5*f = -5*m + 835, -384 = -3*f - 5*m + 121. Suppose 0 = 4*i + i - f. What is the greatest common divisor of 3 and i?
3
Let w = 16 + 53. Calculate the highest common factor of w and 23.
23
Suppose -3*c - n + 29 = 0, -3*c + 7*n - 2*n = -17. Calculate the highest common factor of c and 1.
1
Suppose -k = -5*k + 220. Let x be 39/(-13) - (-15 + 1). Calculate the highest common factor of k and x.
11
Suppose 0*a - 2*a - y + 44 = 0, -5*y = -a. What is the greatest common divisor of 160 and a?
20
Suppose 3*g - 12 = -0*g. Suppose 4 = -0*f + g*f. Calculate the greatest common factor of f and 3.
1
Let t be (-45)/(-3) + (-4 - -3). Calculate the greatest common factor of 35 and t.
7
Let q be (-10)/(-6) - 4/6. Suppose 0 = 5*f - 98 + 3. Let s = f + q. What is the greatest common divisor of s and 8?
4
Suppose -5*j + 49 = 4*x, 5*x - 41 = x + 3*j. Calculate the greatest common factor of 11 and x.
11
Suppose g + 5*i = 60, 3*g = -i - 32 + 226. What is the highest common divisor of g and 26?
13
Let q = -273 - -409. Let s(o) = -9*o + 2. Let m(z) = 8*z - 1. Let c(x) = 4*m(x) + 3*s(x). Let f be c(3). What is the highest common divisor of q and f?
17
Let b be (-15 - -16) + (-4 + 2 - -21). Calculate the highest common divisor of 90 and b.
10
Suppose 0 = -o + k - 0 + 4, -4*o = k - 26. Suppose -2 = 3*d + 3*m - 8, 3*d - m - 10 = 0. What is the greatest common divisor of o and d?
3
Let a(i) = 2*i**3 - 3*i + 1. Let p be a(2). Calculate the greatest common divisor of p and 11.
11
Suppose 4*l = 25 - 5. Suppose -3*w = -l*w + 36. Let n(i) = 6*i**2 + 8*i - 6. Let z be n(-6). What is the greatest common factor of z and w?
18
Suppose -31 = -2*o + 5*d, 2*o + 6*d - d = 41. Calculate the highest common factor of 45 and o.
9
Let x be (-2)/2 + 2 + 2. Suppose -x*y - y = -276. Let j = y + -49. What is the greatest common factor of 50 and j?
10
Let h(j) = 4*j**3 - 3*j**2 - 3*j + 2. Let v(c) = -2*c - 10. Let x be v(-7). Let u be h(x). Calculate the greatest common divisor of 22 and u.
22
Suppose 150 = 2*j + 4*r, -22 = 4*j + 3*r - 327. What is the highest common factor of 11 and j?
11
Suppose 0*b = 2*c - 2*b - 56, 0 = 2*b. Let i = 98 + c. Calculate the greatest common factor of 14 and i.
14
Suppose 90*c - 96*c = -390. What is the highest common divisor of c and 13?
13
Let w(z) = z + 8. Suppose 0 = -4*q + 2*q - 14. Let h be w(q). Let s be (h - -1)*45/6. What is the greatest common factor of s and 60?
15
Let j = -7 - -19. Suppose 0 = -n + j - 0. Let f = -105 + 189. Calculate the greatest common factor of n and f.
12
Let z(u) = -u**3 - 2*u**2 + 3*u - 2. Let f be z(-4). What is the greatest common factor of f and 9?
9
Suppose -2*d = 3*s - 113, -3*s - 2*s + 123 = 2*d. Suppose i - d - 26 = 0. Calculate the highest common factor of 50 and i.
25
Let h(z) = -2*z - 19. Let q be h(-18). Let f be (-4)/((-3)/((-102)/(-4))). What is the greatest common factor of q and f?
17
Let f be (9/(-12))/(2/8). Let v be f*(-1 - 10/3). Calculate the highest common divisor of 26 and v.
13
Let u(x) = x**3 + 2*x**2 + 4. Let f be u(3). Suppose 0 = 2*m + 2*m - 28. Calculate the greatest common divisor of f and m.
7
Let d be (-198)/(-4) - 1/2. Suppose 0 = -5*r - 14 + d. Calculate the greatest common factor of r and 77.
7
Let d be (3/(-9))/((-6)/18). Let a be 4/(-4) + d + 2. Calculate the highest common divisor of a and 4.
2
Let u be 295/10 - (1 - 9/6). What is the highest common factor of u and 10?
10
Suppose 0 = 2*y - 3*f - 81, -2*f + 0*f = y - 30. Let n be 1*(1 + 0 + 2). Suppose -t + n*t - 48 = 0. Calculate the highest common factor of t and y.
12
Let j(w) be the second derivative of -w**3/6 + w**2/2 - 3*